70.
30
What is the highest common factor of 104 and 143?
13
What is the highest common factor of 17 and 17?
17
What is the highest common divisor of 608 and 19?
19
Calculate the greatest common divisor of 90 and 324.
18
What is the greatest common divisor of 38 and 62624?
38
What is the highest common factor of 10 and 535?
5
Calculate the greatest common divisor of 18 and 24.
6
Calculate the highest common factor of 64 and 16.
16
What is the highest common divisor of 77 and 924?
77
What is the highest common divisor of 144 and 9864?
72
Calculate the highest common divisor of 324 and 10854.
162
Calculate the highest common factor of 12362 and 70.
14
What is the greatest common factor of 763 and 14?
7
What is the greatest common factor of 9 and 8847?
9
Calculate the greatest common factor of 126588 and 42.
42
Calculate the greatest common divisor of 800 and 1450.
50
Calculate the greatest common divisor of 180 and 1740.
60
Calculate the highest common divisor of 270 and 27.
27
What is the highest common factor of 854 and 366?
122
Calculate the greatest common divisor of 4189 and 59.
59
Calculate the greatest common factor of 44 and 110.
22
What is the highest common factor of 27 and 18?
9
Calculate the highest common factor of 1656 and 216.
72
What is the highest common divisor of 574 and 56?
14
What is the greatest common divisor of 2985 and 2189?
199
Calculate the greatest common factor of 175 and 200.
25
Calculate the greatest common divisor of 4 and 214.
2
What is the highest common factor of 520 and 70?
10
What is the greatest common divisor of 120 and 1410?
30
What is the greatest common factor of 1674 and 31?
31
What is the greatest common factor of 63 and 42?
21
Calculate the highest common divisor of 136 and 323.
17
What is the highest common divisor of 1139 and 134?
67
Calculate the highest common divisor of 38 and 2.
2
Calculate the greatest common factor of 5640 and 200.
40
What is the highest common divisor of 6 and 72?
6
Calculate the highest common divisor of 11950 and 30.
10
What is the highest common divisor of 54 and 288?
18
Calculate the greatest common divisor of 56 and 56.
56
What is the greatest common factor of 152 and 40?
8
Calculate the highest common factor of 7 and 567.
7
What is the greatest common factor of 80 and 1184?
16
Calculate the greatest common factor of 14491 and 215.
43
Calculate the greatest common factor of 104 and 8164.
52
What is the greatest common factor of 16 and 604?
4
What is the greatest common divisor of 352 and 132?
44
What is the greatest common divisor of 576 and 36?
36
Calculate the highest common factor of 328 and 123.
41
What is the highest common divisor of 12928 and 101?
101
Calculate the highest common divisor of 143 and 91.
13
Calculate the greatest common factor of 4120 and 160.
40
Calculate the greatest common divisor of 36 and 34128.
36
What is the greatest common factor of 70 and 30?
10
What is the highest common factor of 24402 and 392?
98
Calculate the highest common factor of 54 and 162.
54
Calculate the highest common divisor of 55 and 6743.
11
Calculate the greatest common factor of 265 and 159.
53
What is the greatest common divisor of 6 and 5058?
6
What is the greatest common divisor of 67 and 1?
1
Calculate the greatest common divisor of 228 and 156.
12
What is the highest common divisor of 37 and 7585?
37
What is the highest common divisor of 1680 and 945?
105
What is the highest common divisor of 310 and 20?
10
What is the highest common divisor of 1410 and 80?
10
What is the highest common factor of 98 and 994?
14
Calculate the greatest common divisor of 23 and 529.
23
What is the greatest common divisor of 310 and 270?
10
Calculate the greatest common factor of 80 and 260.
20
Calculate the highest common factor of 16 and 128.
16
What is the greatest common factor of 37837 and 314?
157
Calculate the greatest common factor of 174 and 1044.
174
What is the greatest common divisor of 344 and 472?
8
What is the highest common divisor of 91 and 4?
1
What is the highest common divisor of 36 and 63?
9
What is the greatest common divisor of 208 and 286?
26
Calculate the highest common divisor of 51 and 731.
17
What is the greatest common divisor of 87 and 319?
29
What is the greatest common factor of 416 and 182?
26
What is the greatest common divisor of 1547 and 238?
119
What is the greatest common factor of 1010 and 35?
5
What is the highest common divisor of 493 and 34?
17
What is the greatest common factor of 48 and 1182?
6
Calculate the highest common factor of 24 and 192.
24
Calculate the highest common factor of 1264 and 48.
16
What is the highest common divisor of 24 and 1536?
24
Calculate the highest common divisor of 891 and 324.
81
What is the highest common factor of 530 and 10?
10
What is the highest common divisor of 374 and 2882?
22
What is the highest common factor of 6460 and 510?
170
What is the greatest common divisor of 71 and 355?
71
What is the highest common divisor of 119 and 21539?
119
What is the highest common divisor of 690 and 2346?
138
Calculate the greatest common factor of 56 and 80.
8
What is the highest common divisor of 140 and 112?
28
What is the greatest common divisor of 56 and 812?
28
What is the highest common factor of 224 and 7?
7
What is the greatest common divisor of 2200 and 1584?
88
Calculate the highest common divisor of 308 and 44.
44
What is the highest common divisor of 104 and 234?
26
What is the greatest common divisor of 928 and 29?
29
Calculate the highest common divisor of 65 and 55.
5
What is the greatest common factor of 23191 and 7?
7
What is the greatest common factor of 114 and 7581?
57
Calculate the greatest common factor of 95 and 76.
19
Calculate the highest common divisor of 230 and 130.
10
Calculate the greatest common divisor of 744 and 192.
24
What is the greatest common divisor of 33 and 216?
3
What is the highest common factor of 6634 and 62?
62
What is the highest common factor of 648 and 198?
18
Calculate the greatest common divisor of 12 and 876.
12
Calculate the highest common factor of 1785 and 34.
17
Calculate the greatest common factor of 18 and 282.
6
What is the greatest common factor of 44 and 132?
44
Calculate the greatest common factor of 436 and 2507.
109
Calculate the greatest common divisor of 18 and 226.
2
What is the greatest common factor of 68 and 18?
2
What is the highest common factor of 24 and 21?
3
Calculate the highest common factor of 36 and 12.
12
Calculate the greatest common factor of 95 and 1615.
95
Calculate the highest common factor of 5 and 6545.
5
Calculate the highest common factor of 594 and 1353.
33
Calculate the greatest common factor of 1805 and 665.
95
What is the highest common factor of 308 and 1936?
44
What is the greatest common factor of 452 and 200?
4
Calculate the greatest common divisor of 217 and 21.
7
Calculate the highest common divisor of 32 and 656.
16
What is the highest common divisor of 156 and 39?
39
What is the greatest common factor of 585 and 26?
13
What is the greatest common divisor of 58 and 319?
29
Calculate the greatest common factor of 442 and 2834.
26
Calculate the highest common divisor of 204 and 60.
12
Calculate the greatest common factor of 61 and 9089.
61
Calculate the greatest common factor of 678 and 6.
6
What is the highest common divisor of 11 and 49687?
11
Calculate the highest common factor of 136 and 1309.
17
Calculate the highest common divisor of 91 and 189.
7
Calculate the highest common divisor of 108 and 2106.
54
Calculate the greatest common divisor of 100 and 90.
10
What is the greatest common factor of 80 and 2420?
20
Calculate the highest common divisor of 6681 and 3406.
131
What is the greatest common divisor of 183 and 12?
3
Calculate the highest common divisor of 42 and 1128.
6
Calculate the highest common factor of 53 and 11.
1
Calculate the highest common divisor of 93 and 17887.
31
Calculate the greatest common divisor of 9 and 189.
9
What is the greatest common divisor of 2453 and 11?
11
Calculate the greatest common factor of 190 and 304.
38
Calculate the highest common divisor of 783 and 174.
87
Calculate the greatest common divisor of 13 and 299.
13
What is the greatest common factor of 40 and 9600?
40
What is t